{"id":310,"date":"2018-03-15T08:08:43","date_gmt":"2018-03-15T08:08:43","guid":{"rendered":"http:\/\/hubertusherrensohr.de\/?page_id=310"},"modified":"2025-06-10T16:47:36","modified_gmt":"2025-06-10T15:47:36","slug":"mitglied-werden","status":"publish","type":"page","link":"https:\/\/hubertusherrensohr.de\/?page_id=310","title":{"rendered":"Mitglied werden"},"content":{"rendered":"<p><strong>Mitglied werden im Sch\u00fctzenverein Hubertus Herrensohr 1908 e.V.<\/strong><\/p>\n<p>Beitrittsformulare gibt es im Sch\u00fctzenhaus zu den \u00d6ffnungszeiten.<br \/>Warum nicht online ?<br \/>Na, weil wir unsere Mitglieder gerne kennen lernen m\u00f6chten und wir uns selber gerne<br \/>neuen Menschen vorstellen und sie von uns begeistern wollen.<br \/>Und das geht am effektivsten eben pers\u00f6nlich face2face \ud83d\ude42<br \/><br \/>Also, kommt gerne vorbei \ud83d\ude42<br \/><br \/><\/p>\n<p>Datenschutzklausel:\u00a0<a href=\"https:\/\/hubertusherrensohr.de\/wp-content\/uploads\/2018\/03\/HubertusDatschutzklausel.pdf\">Hubertus Herrensohr<\/a><\/p>\n<p>Hier geht es zur aktuellen Satzung aus dem Jahr 2010 des Vereins:<\/p>\n<p><a href=\"https:\/\/hubertusherrensohr.de\/wp-content\/uploads\/2019\/12\/Hubertus-Herrensohr-Satzung-2010.pdf\">Hubertus Herrensohr 1908 e.V. Satzung 2010<\/a><\/p>\n\n\n<p><\/p>\n","protected":false},"excerpt":{"rendered":"<p>Mitglied werden im Sch\u00fctzenverein Hubertus Herrensohr 1908 e.V. Beitrittsformulare gibt es im Sch\u00fctzenhaus zu den \u00d6ffnungszeiten.Warum nicht online ?Na, weil wir unsere Mitglieder gerne kennen lernen m\u00f6chten und wir uns &hellip; <\/p>\n<p class=\"link-more\"><a href=\"https:\/\/hubertusherrensohr.de\/?page_id=310\" class=\"more-link\"><span class=\"screen-reader-text\">\u201eMitglied werden\u201c <\/span>weiterlesen<\/a><\/p>\n","protected":false},"author":2,"featured_media":0,"parent":0,"menu_order":0,"comment_status":"closed","ping_status":"closed","template":"","meta":{"footnotes":""},"class_list":["post-310","page","type-page","status-publish","hentry"],"_links":{"self":[{"href":"https:\/\/hubertusherrensohr.de\/index.php?rest_route=\/wp\/v2\/pages\/310","targetHints":{"allow":["GET"]}}],"collection":[{"href":"https:\/\/hubertusherrensohr.de\/index.php?rest_route=\/wp\/v2\/pages"}],"about":[{"href":"https:\/\/hubertusherrensohr.de\/index.php?rest_route=\/wp\/v2\/types\/page"}],"author":[{"embeddable":true,"href":"https:\/\/hubertusherrensohr.de\/index.php?rest_route=\/wp\/v2\/users\/2"}],"replies":[{"embeddable":true,"href":"https:\/\/hubertusherrensohr.de\/index.php?rest_route=%2Fwp%2Fv2%2Fcomments&post=310"}],"version-history":[{"count":16,"href":"https:\/\/hubertusherrensohr.de\/index.php?rest_route=\/wp\/v2\/pages\/310\/revisions"}],"predecessor-version":[{"id":2182,"href":"https:\/\/hubertusherrensohr.de\/index.php?rest_route=\/wp\/v2\/pages\/310\/revisions\/2182"}],"wp:attachment":[{"href":"https:\/\/hubertusherrensohr.de\/index.php?rest_route=%2Fwp%2Fv2%2Fmedia&parent=310"}],"curies":[{"name":"wp","href":"https:\/\/api.w.org\/{rel}","templated":true}]}}