{"id":316,"date":"2018-03-15T08:12:00","date_gmt":"2018-03-15T08:12:00","guid":{"rendered":"http:\/\/hubertusherrensohr.de\/?page_id=316"},"modified":"2023-01-06T12:30:29","modified_gmt":"2023-01-06T11:30:29","slug":"vermietung","status":"publish","type":"page","link":"https:\/\/hubertusherrensohr.de\/?page_id=316","title":{"rendered":"Vermietung"},"content":{"rendered":"<p><strong>Vermietung des Hauses f\u00fcr Privatfeiern<\/strong><\/p>\n<p>Grunds\u00e4tzlich wird unser Sch\u00fctzenhaus nicht an Vereinsfremde f\u00fcr Privatfeierlichkeiten vermietet.<\/p>\n<p>Ansprechpartner f\u00fcr Mitglieder:\u00a0 1. Vorsitzender<\/p>\n","protected":false},"excerpt":{"rendered":"<p>Vermietung des Hauses f\u00fcr Privatfeiern Grunds\u00e4tzlich wird unser Sch\u00fctzenhaus nicht an Vereinsfremde f\u00fcr Privatfeierlichkeiten vermietet. Ansprechpartner f\u00fcr Mitglieder:\u00a0 1. Vorsitzender<\/p>\n","protected":false},"author":2,"featured_media":0,"parent":0,"menu_order":0,"comment_status":"closed","ping_status":"closed","template":"","meta":{"footnotes":""},"class_list":["post-316","page","type-page","status-publish","hentry"],"_links":{"self":[{"href":"https:\/\/hubertusherrensohr.de\/index.php?rest_route=\/wp\/v2\/pages\/316","targetHints":{"allow":["GET"]}}],"collection":[{"href":"https:\/\/hubertusherrensohr.de\/index.php?rest_route=\/wp\/v2\/pages"}],"about":[{"href":"https:\/\/hubertusherrensohr.de\/index.php?rest_route=\/wp\/v2\/types\/page"}],"author":[{"embeddable":true,"href":"https:\/\/hubertusherrensohr.de\/index.php?rest_route=\/wp\/v2\/users\/2"}],"replies":[{"embeddable":true,"href":"https:\/\/hubertusherrensohr.de\/index.php?rest_route=%2Fwp%2Fv2%2Fcomments&post=316"}],"version-history":[{"count":3,"href":"https:\/\/hubertusherrensohr.de\/index.php?rest_route=\/wp\/v2\/pages\/316\/revisions"}],"predecessor-version":[{"id":2064,"href":"https:\/\/hubertusherrensohr.de\/index.php?rest_route=\/wp\/v2\/pages\/316\/revisions\/2064"}],"wp:attachment":[{"href":"https:\/\/hubertusherrensohr.de\/index.php?rest_route=%2Fwp%2Fv2%2Fmedia&parent=316"}],"curies":[{"name":"wp","href":"https:\/\/api.w.org\/{rel}","templated":true}]}}

<p><strong>Vermietung des Hauses für Privatfeiern</strong></p>
<p>Grundsätzlich wird unser Schützenhaus nicht an Vereinsfremde für Privatfeierlichkeiten vermietet.</p>
<p>Ansprechpartner für Mitglieder:  1. Vorsitzender</p>

<p>Vermietung des Hauses für Privatfeiern Grundsätzlich wird unser Schützenhaus nicht an Vereinsfremde für Privatfeierlichkeiten vermietet. Ansprechpartner für Mitglieder:  1. Vorsitzender</p>
