{"id":482,"date":"2018-03-19T21:29:46","date_gmt":"2018-03-19T21:29:46","guid":{"rendered":"http:\/\/hubertusherrensohr.de\/?page_id=482"},"modified":"2020-03-08T20:15:57","modified_gmt":"2020-03-08T19:15:57","slug":"unsere-jugend","status":"publish","type":"page","link":"https:\/\/hubertusherrensohr.de\/?page_id=482","title":{"rendered":"Unsere Jugend"},"content":{"rendered":"<p><strong>Die Jugend von Hubertus Herrensohr 1908 e.V.<\/strong><\/p>\n<p>Wir haben ein Herz f\u00fcr die Jugend. Um Jugendliche an den Schie\u00dfsport heranf\u00fchren zu k\u00f6nnen, haben wir in unserem Verein die unterschiedlichsten Druckluftwaffen. Ob Luftgewehr oder auch Luftpistole &#8211; gerne kann man sich im Schie\u00dfsport unter geschulter Anleitung ausprobieren.<\/p>\n<p>Spa\u00df daran gefunden? Einfach zu den \u00d6ffnungszeiten ins Sch\u00fctzenhaus kommen und uns ansprechen.<\/p>\n<p>Die 1. Jugendwartin ist Stephanie Flender,<br \/>\nder 2. Jugendwart ist<\/p>\n","protected":false},"excerpt":{"rendered":"<p>Die Jugend von Hubertus Herrensohr 1908 e.V. Wir haben ein Herz f\u00fcr die Jugend. Um Jugendliche an den Schie\u00dfsport heranf\u00fchren zu k\u00f6nnen, haben wir in unserem Verein die unterschiedlichsten Druckluftwaffen. &hellip; <\/p>\n<p class=\"link-more\"><a href=\"https:\/\/hubertusherrensohr.de\/?page_id=482\" class=\"more-link\"><span class=\"screen-reader-text\">\u201eUnsere Jugend\u201c <\/span>weiterlesen<\/a><\/p>\n","protected":false},"author":2,"featured_media":0,"parent":0,"menu_order":0,"comment_status":"closed","ping_status":"closed","template":"","meta":{"footnotes":""},"class_list":["post-482","page","type-page","status-publish","hentry"],"_links":{"self":[{"href":"https:\/\/hubertusherrensohr.de\/index.php?rest_route=\/wp\/v2\/pages\/482","targetHints":{"allow":["GET"]}}],"collection":[{"href":"https:\/\/hubertusherrensohr.de\/index.php?rest_route=\/wp\/v2\/pages"}],"about":[{"href":"https:\/\/hubertusherrensohr.de\/index.php?rest_route=\/wp\/v2\/types\/page"}],"author":[{"embeddable":true,"href":"https:\/\/hubertusherrensohr.de\/index.php?rest_route=\/wp\/v2\/users\/2"}],"replies":[{"embeddable":true,"href":"https:\/\/hubertusherrensohr.de\/index.php?rest_route=%2Fwp%2Fv2%2Fcomments&post=482"}],"version-history":[{"count":9,"href":"https:\/\/hubertusherrensohr.de\/index.php?rest_route=\/wp\/v2\/pages\/482\/revisions"}],"predecessor-version":[{"id":1786,"href":"https:\/\/hubertusherrensohr.de\/index.php?rest_route=\/wp\/v2\/pages\/482\/revisions\/1786"}],"wp:attachment":[{"href":"https:\/\/hubertusherrensohr.de\/index.php?rest_route=%2Fwp%2Fv2%2Fmedia&parent=482"}],"curies":[{"name":"wp","href":"https:\/\/api.w.org\/{rel}","templated":true}]}}