{"id":97,"date":"2018-03-14T13:15:03","date_gmt":"2018-03-14T13:15:03","guid":{"rendered":"http:\/\/hubertusherrensohr.de\/?page_id=97"},"modified":"2019-03-16T15:28:44","modified_gmt":"2019-03-16T15:28:44","slug":"sportliches","status":"publish","type":"page","link":"https:\/\/hubertusherrensohr.de\/?page_id=97","title":{"rendered":"Sportliches"},"content":{"rendered":"<p><strong>In dieser Rubrik wird \u00fcber die sportliches Aktivit\u00e4ten berichtet.<\/strong><\/p>\n<p>Im Sch\u00fctzenverein Hubertus Herrensohr 1908 e.V. sind zur Zeit etwa <em><strong>267 Mitglieder<\/strong><\/em>. Wir betreiben aktiv den Schie\u00dfsport in den unterschiedlichsten Mannschaften:<\/p>\n<p>Wir haben <em><strong>8 Mannschaften<\/strong><\/em>, die regelm\u00e4\u00dfig an den <strong><em>Rundenk\u00e4mpfen<\/em><\/strong> des saarl\u00e4ndischen Sch\u00fctzenverbandes teilnehmen.<\/p>\n<p>Etliche Einzelsch\u00fctzen schie\u00dfen beim <em><strong>saarl\u00e4ndischen Sch\u00fctzenverband<\/strong><\/em> <em><strong>Kreis- und Landesmeisterschaften<\/strong><\/em>. Manche qualifizieren sich f\u00fcr die <em><strong>Deutsche Meisterschaft<\/strong><\/em>\u00a0des Deutschen Sch\u00fctzenbundes und nehmen daran teil in den Disziplinen Luft-, Klein- und Gro\u00dfkaliberpistole, aber auch ad\u00e4quat mit dem Gewehr. Wir schie\u00dfen auch regelm\u00e4\u00dfig in der Disziplin Wurfscheiben (Tontauben).<\/p>\n<p>Bei der <em><strong>Deutschen Schie\u00dfsport Union<\/strong><\/em> treten Sch\u00fctzen von Hubertus Herrensohr regelm\u00e4\u00dfig bei der <em><strong>Deutschen Meisterschaft Wurfscheiben<\/strong><\/em> an. Auch werden in der <em><strong>Liga Runde, der Deutschen Meisterschaft<\/strong><\/em> und dem <em><strong>Bundespokalschie\u00dfen<\/strong><\/em>\u00a0gute Erfolge erzielt.<\/p>\n<p>Der <em><strong>H\u00f6hepunkt im Jahr<\/strong><\/em> ist das Herausschie\u00dfen des <em><strong>Sch\u00fctzenk\u00f6nigs<\/strong><\/em>, des <em><strong>1. und 2. Ritters<\/strong><\/em>.<\/p>\n<p>Jedes Jahr am Ostersamstag findet das <em><strong>Ostereierschie\u00dfen<\/strong><\/em> und an Silvester unser <em><strong>Neujahrschie\u00dfen<\/strong><\/em> statt. Beim Neujahrschie\u00dfen wird auch die Neujahrscheibe herausgeschossen. Es hat aber auch jeder Sch\u00fctze die M\u00f6glichkeit auf<em><strong> Motiv- und Gl\u00fccksscheiben<\/strong><\/em> zu schie\u00dfen und sch\u00f6ne Preise zu gewinnen. Unter Anleitung und Begleitung d\u00fcrfen auch NichtSch\u00fctzen sich einmal versuchen.<\/p>\n<p style=\"text-align: center;\">_________________________<\/p>\n<p>Zugeh\u00f6rige anerkannte <strong>Schie\u00dfsportverb\u00e4nde nach \u00a715 WaffG<\/strong><\/p>\n<p>Der Sch\u00fctzenverein ist Mitglied im <strong><em>Deutschen Sch\u00fctzenbund<\/em><\/strong> (<a href=\"http:\/\/www.dsb.de\" target=\"_blank\" rel=\"noopener noreferrer\">www.dsb.de<\/a>) und im <em><strong>Sch\u00fctzenverband Saar e.V.<\/strong><\/em>\u00a0 (<a href=\"http:\/\/www.schuetzenverband-saar.de\" target=\"_blank\" rel=\"noopener noreferrer\">http:\/\/www.schuetzenverband-saar.de<\/a>).<\/p>\n<p>Auf der Bezirksebene geh\u00f6rt der Sch\u00fctzenverein Hubertus zum <em><strong>Sch\u00fctzenkreis Saarbr\u00fccken<\/strong><\/em> (<a href=\"http:\/\/www.schuetzenverband-saar.de\/index.php?id=62\" target=\"_blank\" rel=\"noopener noreferrer\">http:\/\/www.schuetzenverband-saar.de\/index.php?id=62<\/a>).<\/p>\n<p>Es gibt zus\u00e4tzlich noch Sch\u00fctzinnen und Sch\u00fctzen, die Disziplinen bei der <em><strong>Deutschen Schie\u00dfsport Union<\/strong><\/em> (<a href=\"http:\/\/www.d-s-u.de\" target=\"_blank\" rel=\"noopener noreferrer\">www.d-s-u.de<\/a>) schie\u00dfen.<\/p>\n<p>Ansprechpartner sind die Sportwarte:<br \/>\nHans-J\u00fcrgen Weyel<br \/>\nBianca Flender<\/p>\n","protected":false},"excerpt":{"rendered":"<p>In dieser Rubrik wird \u00fcber die sportliches Aktivit\u00e4ten berichtet. Im Sch\u00fctzenverein Hubertus Herrensohr 1908 e.V. sind zur Zeit etwa 267 Mitglieder. Wir betreiben aktiv den Schie\u00dfsport in den unterschiedlichsten Mannschaften: &hellip; <\/p>\n<p class=\"link-more\"><a href=\"https:\/\/hubertusherrensohr.de\/?page_id=97\" class=\"more-link\"><span class=\"screen-reader-text\">\u201eSportliches\u201c <\/span>weiterlesen<\/a><\/p>\n","protected":false},"author":2,"featured_media":0,"parent":0,"menu_order":0,"comment_status":"closed","ping_status":"closed","template":"","meta":{"footnotes":""},"class_list":["post-97","page","type-page","status-publish","hentry"],"_links":{"self":[{"href":"https:\/\/hubertusherrensohr.de\/index.php?rest_route=\/wp\/v2\/pages\/97","targetHints":{"allow":["GET"]}}],"collection":[{"href":"https:\/\/hubertusherrensohr.de\/index.php?rest_route=\/wp\/v2\/pages"}],"about":[{"href":"https:\/\/hubertusherrensohr.de\/index.php?rest_route=\/wp\/v2\/types\/page"}],"author":[{"embeddable":true,"href":"https:\/\/hubertusherrensohr.de\/index.php?rest_route=\/wp\/v2\/users\/2"}],"replies":[{"embeddable":true,"href":"https:\/\/hubertusherrensohr.de\/index.php?rest_route=%2Fwp%2Fv2%2Fcomments&post=97"}],"version-history":[{"count":19,"href":"https:\/\/hubertusherrensohr.de\/index.php?rest_route=\/wp\/v2\/pages\/97\/revisions"}],"predecessor-version":[{"id":1369,"href":"https:\/\/hubertusherrensohr.de\/index.php?rest_route=\/wp\/v2\/pages\/97\/revisions\/1369"}],"wp:attachment":[{"href":"https:\/\/hubertusherrensohr.de\/index.php?rest_route=%2Fwp%2Fv2%2Fmedia&parent=97"}],"curies":[{"name":"wp","href":"https:\/\/api.w.org\/{rel}","templated":true}]}}